0
In base 6, what is 343 - 111?
232
In base 11, what is -721 + -2?
-723
In base 4, what is -11 + -232303?
-232320
In base 14, what is 1 + 8b?
8c
In base 3, what is -2011 + 121201?
112120
In base 2, what is -10010 + 111010000?
110111110
In base 2, what is -1110000100000 - -11?
-1110000011101
In base 6, what is 321 + -25?
252
In base 15, what is 13c + -3?
139
In base 4, what is 2 + 3100?
3102
In base 14, what is 19a + -1?
199
In base 4, what is 22 + 0?
22
In base 4, what is 30 - 10313?
-10223
In base 7, what is -4 - 61?
-65
In base 14, what is 386 + -7?
37d
In base 9, what is -121 - 12?
-133
In base 3, what is -12 + 20202000?
20201211
In base 10, what is 250 + -4?
246
In base 12, what is 0 - 7?
-7
In base 2, what is 111000 - 100?
110100
In base 6, what is 4 + -31053?
-31045
In base 12, what is -2 - 11?
-13
In base 4, what is 210202 - 0?
210202
In base 12, what is -23 - 5?
-28
In base 9, what is -1 - 440?
-441
In base 13, what is -4 - -310?
309
In base 9, what is -4 - 1026?
-1031
In base 14, what is -13 + -2d?
-42
In base 11, what is -29a - 5?
-2a4
In base 14, what is c8 + 0?
c8
In base 2, what is -11000100 - -110?
-10111110
In base 5, what is -133 + -3?
-141
In base 14, what is -613 - 0?
-613
In base 7, what is -3 - -353?
350
In base 7, what is -5 + 115?
110
In base 9, what is -3 + -144?
-147
In base 14, what is -81 + 45?
-3a
In base 2, what is 11110110 - 0?
11110110
In base 6, what is 1 - -255?
300
In base 4, what is 222101 + -10?
222031
In base 7, what is 1521 - -5?
1526
In base 2, what is -1000111 - 10000111?
-11001110
In base 16, what is c + 10?
1c
In base 4, what is -2 + 1313?
1311
In base 8, what is 4 + 362?
366
In base 4, what is 10 + -201303?
-201233
In base 11, what is 1 + 29?
2a
In base 14, what is -3 - 32a7?
-32aa
In base 2, what is -1000010001000 + -11?
-1000010001011
In base 9, what is -1327 + 0?
-1327
In base 12, what is 606 - 0?
606
In base 2, what is -101 + 1000000?
111011
In base 7, what is 0 - 23210?
-23210
In base 8, what is 137 + 16?
155
In base 6, what is 5110 + 2?
5112
In base 4, what is -231 - 3330?
-10221
In base 16, what is 1 + -8b3?
-8b2
In base 3, what is 1001100 - 212?
1000111
In base 5, what is 2 - -1130?
1132
In base 2, what is -1100 + -1?
-1101
In base 3, what is 12112 + 12?
12201
In base 2, what is -110 + -10000?
-10110
In base 7, what is -532 + -5?
-540
In base 11, what is 4 - -10?
14
In base 4, what is 1013 + -2?
1011
In base 11, what is 5 - 9a?
-95
In base 7, what is -5 + -1151?
-1156
In base 16, what is -7e4 + 8?
-7dc
In base 14, what is 42d - -4?
433
In base 3, what is -211 + 102?
-102
In base 6, what is -21 + 344?
323
In base 3, what is 0 - -11102?
11102
In base 5, what is -4114 + -11?
-4130
In base 7, what is -4 - -2324?
2320
In base 8, what is -4 + -4?
-10
In base 9, what is 20 - 84?
-64
In base 8, what is -1026 + 5?
-1021
In base 8, what is -135 + -3?
-140
In base 7, what is 1463 - 4?
1456
In base 6, what is 1 + -53105?
-53104
In base 16, what is 1 + 2b?
2c
In base 15, what is 14e - -2?
151
In base 3, what is 0 - -2121?
2121
In base 11, what is -35 + 3?
-32
In base 14, what is 3 + 5d2?
5d5
In base 2, what is 1011100 + 11101?
1111001
In base 10, what is 15 + 111?
126
In base 9, what is 6 - -55?
62
In base 15, what is -d + -2be?
-2cc
In base 13, what is 23 - 32?
-c
In base 3, what is 10 + 12012101?
12012111
In base 12, what is 758 + -5?
753
In base 11, what is -16 + -69?
-84
In base 12, what is 24 - -1?
25
In base 7, what is -10 - 5152?
-5162
In base 4, what is 130 - 10?
120
In base 14, what is -39 - -3?
-36
In base 7, what is 1 + -53?
-52
In base 6, what is 1033 + 150?
1223
In base 15, what is 2 - 15?
-13
In base 15, what is -28 - -10?
-18
In base 11, what is -16885 - 1?
-16886
In base 14, what is -4 + 10a?
106
In base 2, what is 110010010 + 1?
110010011
In base 3, what is 1 - -2?
10
In base 4, what is 311 + -10?
301
In base 4, what is 11 + -11023?
-11012
In base 16, what is 0 - 156?
-156
In base 14, what is 14 + 4b9?
4cd
In base 4, what is 23100 - 2?
23032
In base 14, what is -6 + -119d?
-11a5
In base 4, what is 1113 - 131?
322
In base 9, what is 1374 - 12?
1362
In base 5, what is -142000 - -10?
-141440
In base 5, what is -4 - 214?
-223
In base 16, what is 5ad - 0?
5ad
In base 4, what is -230130 + -10?
-230200
In base 8, what is -3 - 47?
-52
In base 14, what is 1 + 319?
31a
In base 6, what is 0 - -11?
11
In base 14, what is 13 + -87?
-74
In base 11, what is -5 + 367?
362
In base 16, what is -23 - -1?
-22
In base 3, what is -11212 - -10?
-11202
In base 7, what is -222 + -1?
-223
In base 14, what is -16c - -4?
-168
In base 15, what is -49 + -1?
-4a
In base 8, what is -315 - -27?
-266
In base 15, what is 5 + -8e?
-89
In base 14, what is -a8 - -28?
-80
In base 7, what is 15654 + -4?
15650
In base 6, what is 1 - 234?
-233
In base 2, what is 11000100 + 1000?
11001100
In base 13, what is -2 + 609?
607
In base 3, what is -101 - -1120?
1012
In base 5, what is 12 - 32?
-20
In base 15, what is 134b - a?
1341
In base 3, what is 10 + -112102?
-112022
In base 12, what is -11 + -348?
-359
In base 15, what is -30 + -1?
-31
In base 13, what is 4 - 36?
-32
In base 2, what is -10000010 + -10?
-10000100
In base 10, what is 3 + 962?
965
In base 15, what is -2750 + 4?
-274b
In base 7, what is 2514 + 0?
2514
In base 8, what is 2172 + 10?
2202
In base 9, what is 40 - 4?
35
In base 5, what is 124 + -2?
122
In base 5, what is 104 - -10?
114
In base 5, what is -4 + -21?
-30
In base 14, what is -1b + 1?
-1a
In base 14, what is -4 + -93c?
-942
In base 10, what is 268 - 2?
266
In base 3, what is 122 - 1120?
-221
In base 15, what is -62 - 2?
-64
In base 14, what is -134 + -3?
-137
In base 9, what is -167 - -3?
-164
In base 5, what is 20004 + 11?
20020
In base 11, what is -3 + 35?
32
In base 5, what is -102112 + 1?
-102111
In base 3, what is 1212200 + -1?
1212122
In base 3, what is 2112200 - 2?
2112121
In base 8, what is -13 + -21?
-34
In base 15, what is 14 - 1?
13
In base 3, what is 10 + -21201110?
-21201100
In base 15, what is -3 - 11b?
-11e
In base 13, what is 4 - -511?
515
In base 15, what is -6b + 1?
-6a
In base 3, what is 10101001 - 0?
10101001
In base 6, what is -14340 + -1?
-14341
In base 11, what is 1898 + 1?
1899
In base 13, what is 10 + -16?
-6
In base 13, what is 2087 - -1?
2088
In base 5, what is 2 + 1223?
1230
In base 9, what is -5 - 1144?
-1150
In base 2, what is -1001111 + -11?
-1010010
In base 12, what is -3 - 16?
-19
In base 15, what is 4 + 7e?
83
In base 7, what is 15140 - -3?
15143
In base 5, what is 101 + 40?
141
In base 4, what is 10232 - -2?
10300
In base 6, what is -1231 + 2?
-1225
In base 8, what is 5 - 1267?
-1262
In base 11, what is -377 - -2?
-375
In base 12, what is 56 - b1?
-57
In base 8, what is -5276 - 1?
-5277
In base 8, what is 6 + -4?
2
In base 11, what is 2 - -412?
414
In base 15, what is -17 - 39?
-51
In base 10, what is 3 - 270?
-267
In base 4, what is 10 - -2322?
2332
In base 2, what is -111110100000 + 100?
-111110011100
In base 3, what is 20 - 112021?
-112001
In base 10, what is -159 - -40?
-119
In base 13, what is 28b + -3?
288
In base 6, what is 3 + 3314?
3321
In base 8, what is 7 + 61?
70
In base 4, what is 0 + -1103?
-1103
In base 4, what is 100330 - -1?
100331
In base 7, what is -5 + 66?
61
In base 4, what is 11 + -110031?
-110020
In base 8, what is 11141 - -3?
11144
In base 12, what is 121b - 0?
121b
In base 4, what is 1 - -103?
110
In base 11, what is -4437 + 2?
-4435
In base 12, what is 9 - 33a?
-331
In base 7, what is 111 + -6?
102
In base 15, what is 1a - -8b?
a6
In base 13, what is 3b + -4?
37
In base 7, what is 2460 - 2?
2455
In base 12, what is 3 + 1a8b?
1a92
In base 14, what is -227 + 2?
-225
In base 12, what is 139 + 5?
142
In base 14, what is 2 - -13?
15
In base 11, what is 1 - -133?
134
In base 6, what is -1 - 45?
-50
In base 12, what is 14 + 3b?
53
In base 7, what is 131163 + 4?
131200
In base 12, what is 1 - -34?
35
In base 7, what is -6 - -26?
20
In base 13, what is 1246 + -3?
1243
In base 2, what is -1001110010 - -10?
-1001110000
In base 9, what is 1266 + -2?
1264
In base 14, what is -94 + -2?
-96
In base 11, what is 3 - 119?
-116
In base 5, what is -12 + -21?
-33
In base 3, what is 120002 - -1?
120010
In base 5, what is 4401 - -41?
4442
In base 14, what is 1 - 6?
-5
In 